et m(c) = -h + 2*c - 3*c**2 + 2 - 5*c**3 + 2*c**2 + 1. What is m(t)?
-5
Suppose -4 = 2*x + u, u = -2*x - u - 8. Suppose -5*w - 19 - 41 = x. Let s be 22/4 + w/8. Let g(r) = r**2 - r - 5. Calculate g(s).
7
Let h(k) be the third derivative of k**6/120 + k**5/12 + k**4/12 - k**3/6 - 8*k**2. Give h(-4).
7
Let r = -55 + 48. Let p(s) = -s**2 - 7*s - 4. Determine p(r).
-4
Suppose 5 = 3*h - p, 5*h - 3*p + 0*p - 7 = 0. Let v(l) = 0*l + 0*l - l + 2 + h*l. Calculate v(-6).
-4
Let y(m) = 53*m + 47*m - 99*m - 4. What is y(4)?
0
Let j = -30 + 42. Let z = 37 - j. Suppose -3*f - 1 = 4*k + 2, z = -5*f. Let l(r) = -r + 1. Calculate l(k).
-2
Let f(p) = 2*p**2 + 21*p**3 - 1 - 5*p**2 - 2*p - 20*p**3. Suppose -3*z + 1 = -5. Suppose -z*c - 2*o = -4*c, -c = 4*o - 20. What is f(c)?
7
Let s(h) be the first derivative of -h**3/3 + h**2/2 - 2*h - 4. What is s(0)?
-2
Let b(f) be the first derivative of f**3/3 + 4*f**2 + 6*f - 1. Determine b(-6).
-6
Suppose -s + 2 = 1. Let y(l) = l**3 - l + 1. Let f be y(s). Suppose 2*a = -5*j - f, -j + a - 3*a = -3. Let w(d) = 6*d. Calculate w(j).
-6
Suppose l - 2 = -t, -8 = 4*l - 2*l - 2*t. Let k(o) = 5*o**3 - 5*o**2 + 5*o + 3. Let y(w) = 3*w**3 - 2*w**2 + 2*w + 1. Let x(f) = 2*k(f) - 5*y(f). What is x(l)?
6
Let h(c) be the first derivative of c**3 + c - 5. Give h(-1).
4
Let p be 4/(-14) + (-44)/(-7). Let b be (2/p)/((-4)/(-36)). Let i(y) be the third derivative of -y**4/6 + 2*y**3/3 + 3*y**2. Calculate i(b).
-8
Let j(t) = t**2 + 5*t + 6. Let g be 3/(-9) - (-74)/6. Suppose g + 0 = -3*n. Give j(n).
2
Let a(q) = -q**3 - 2*q**2 + 3*q. Let c be (2 - (-3)/(-6)) + (-1)/(-2). What is a(c)?
-10
Let g = -2 - -5. Let o(p) = 0*p - 3*p + 2*p**2 + 7*p - 3*p**2 - g. Give o(4).
-3
Let d = -11 - -7. Let k be (12/(-8))/((-2)/d). Let c(b) = b**3 + 2*b**2 - b - 1 + 2*b - 4*b. Calculate c(k).
-1
Let v(i) be the first derivative of -i**4/24 + i**3/6 - i**2 - 1. Let s(h) be the second derivative of v(h). What is s(5)?
-4
Suppose -10*a = -5*a. Let d(x) be the second derivative of -x**6/720 + 7*x**5/120 + x**4/12 - 2*x. Let v(j) be the third derivative of d(j). Give v(a).
7
Let g(n) = n**2 - 8*n + 7. Let r be ((-84)/35)/((-2)/5). Give g(r).
-5
Let o(j) = -j**2 - 3*j. Suppose 1 = -3*i + 4*i. Let w be (2 - 7) + 0 + i. Give o(w).
-4
Let i(c) = c**2 - 3 + 3*c**2 - c + 2. Suppose -13 - 20 = -3*l. Let q = 10 - l. Calculate i(q).
4
Let f(i) = 7*i**2 - i + 5. Let u(q) = 3*q**2 - q + 2. Let o(t) = 4*f(t) - 9*u(t). Suppose -4*z - z = -10. Suppose z*s + 3*s + 20 = 0. Calculate o(s).
-2
Suppose 0*o = -2*o. Let m(u) = 7*u**2 - 22. Let c(d) = 3*d**2 - 11. Let s(k) = 5*c(k) - 2*m(k). Determine s(o).
-11
Let r(v) = v**3 - 6*v**2 + v - 8. Let y be 10*(1 - 2/5). Suppose -y*k = -5*k - 6. What is r(k)?
-2
Let w(s) be the third derivative of 0 - 1/40*s**6 - 1/30*s**5 + 1/24*s**4 + 0*s**3 + 2*s**2 + 0*s. Determine w(1).
-4
Let n(w) be the first derivative of w**7/840 + w**6/180 - w**5/40 + w**3/3 + 3. Let i(t) be the third derivative of n(t). Let c = 4 + -7. Calculate i(c).
0
Let q(b) = -3*b**2 + 13*b + 4. Let h(z) = -2*z**2 + 9*z + 3. Let p(t) = 7*h(t) - 5*q(t). Give p(1).
0
Let p(f) = -3*f**2 - 4 + 2 + 0*f**2. Let g(n) = 4*n**2 - n + 3. Let u(z) = -z**3 + 8*z**2 + 9*z + 4. Let k be u(9). Let v(i) = k*g(i) + 5*p(i). What is v(4)?
2
Let h(j) = j + 5. Let y be h(-8). Let u(g) be the third derivative of 1/2*g**3 + 0 + 5/24*g**4 + 1/60*g**5 + 0*g - 2*g**2. Determine u(y).
-3
Let h be (-2)/(1 + 0) - 6. Let x = 8 + h. Let t(y) = 4 - 2*y - 5 + x. Determine t(3).
-7
Let n(d) = d**2 + 5*d - 4. Let o(w) = 2*w**2 + 6*w - 5. Let x(p) = 3*n(p) - 2*o(p). Determine x(3).
-2
Let b(r) = -9*r**3 - 3*r**2 + 4*r + 5. Let k(i) = -5*i**3 - 2*i**2 + 2*i + 3. Let s(u) = 4*b(u) - 7*k(u). Give s(2).
3
Let h(i) = -2*i**3 - 5*i**2 + 9*i + 17. Suppose 7 = -5*n + 17. Let u(g) = -g**3 - 3*g**2 + 5*g + 8. Let b(l) = n*h(l) - 5*u(l). What is b(-6)?
0
Suppose 4*q - 2*q + 28 = 4*x, 5*q + 10 = 0. Let r(m) = 0 - 4 + m + x. What is r(-7)?
-5
Let c(w) = -2*w**2 - 3*w + 3. Let n(r) = -r**2 - 10*r - 6. Let l be n(-9). Let j be 2*1*l/2. Suppose j = -4*q + 3*q. Give c(q).
-6
Let y(d) = -13*d - 4. Let k(u) = 3*u + 1. Let c(v) = -9*k(v) - 2*y(v). Give c(4).
-5
Let o(c) = -48 + 16 + 23 + c. Calculate o(6).
-3
Let y(k) be the third derivative of k**5/60 + 7*k**4/24 + 2*k**3/3 - 3*k**2. Give y(-6).
-2
Let x(a) = -a - 8. Let g = 3 - 1. Suppose g - 1 = m. Suppose -m = -l + 4*u + 2, 4*l = -5*u - 30. Calculate x(l).
-3
Suppose -k = -5*o - 20, 2*k + 3*o - 11 = -2*k. Let r(s) be the second derivative of -s**5/20 + s**4/2 - 5*s**3/6 - 2*s**2 - s. Determine r(k).
-4
Let z be (32/(-18) - -2) + (-150)/(-54). Let p(c) = 3*c + 4. Let a(k) = k + 2. Let g(q) = 5*a(q) - 2*p(q). Calculate g(z).
-1
Let p(o) = -o**2 + 4*o - 6. Suppose 43 = 5*r + 18. Determine p(r).
-11
Let k(z) = z**3 + z**2 - z + 1. Let o(h) = 4*h**3 + 2 - 2*h + 2 + 0*h**3. Let g(a) = -2*k(a) + o(a). What is g(2)?
10
Let r(b) = b**2 - 2*b - 5. Let m(z) = -z**2 - 5*z. Let p(k) = 2*k**3 + 2*k**2 - 3*k - 2. Let g be p(-2). Let w be m(g). Give r(w).
3
Let b(g) = -g**3 + 4*g**2 + 4*g + 5. Suppose z = 2*t - z - 8, 2*t = -3*z + 13. What is b(t)?
0
Let v(b) = -10*b - 1. Let q be -3 + (-9)/(18/(-4)). Give v(q).
9
Suppose -3*p + 2*p + 8 = -2*k, -3*k - 17 = -4*p. Let g(y) = -2*y. What is g(k)?
6
Let h(p) = -2*p + 4*p + 3 - 9. Determine h(6).
6
Let a(h) be the second derivative of -h**7/2520 + h**6/144 - h**5/30 + h**4/6 - h. Let x(p) be the third derivative of a(p). Let m = 2 + 2. What is x(m)?
0
Let d(n) be the third derivative of -n**5/60 - n**4/6 + n**3/3 - 24*n**2. Let b be (-4)/(-6) + (-16)/(-12). Suppose -b*z = 2*z + 20. Determine d(z).
-3
Let a(j) = -j**2 + 3*j + 5. Suppose 2*f = -2*f + 20. Let s(k) = k. Let w be s(f). What is a(w)?
-5
Let f(s) = -7*s**3 - 7*s**2 - 2*s - 19. Let g(p) = 10*p**3 + 11*p**2 + 3*p + 28. Let x(q) = 7*f(q) + 5*g(q). Give x(-6).
1
Let g(s) be the first derivative of -s**6/120 + s**5/20 + s**4/6 - s**3/6 + 3*s**2/2 - 2. Let t(y) be the second derivative of g(y). Give t(4).
-1
Let d(p) be the third derivative of p**5/60 + 7*p**4/24 + p**3/6 + 5*p**2. Calculate d(-7).
1
Suppose -3*z = 2*z - 15, 0 = -4*l + z + 29. Suppose -l = 2*r - 4. Let u(v) = 3*v + 3. Give u(r).
-3
Let w(x) be the third derivative of x**9/60480 - x**8/3360 + x**7/2520 - x**6/240 + x**5/12 + 4*x**2. Let h(i) be the third derivative of w(i). Calculate h(6).
9
Let s(k) = k**2 + 3*k - 1. Let n be 3*2/(-6)*5. Determine s(n).
9
Let i(v) = -2*v - 7. Let k be i(10). Let q be (-36)/k*6/4. Let o(t) = -4 - q*t**2 + 3 + 4*t + 1 - 3. Calculate o(2).
-3
Let t(h) = 3*h**3 - h**3 - 2 - h**3 + 5*h**2 - 7*h. Suppose 34 = -4*y + 10. Calculate t(y).
4
Let o(f) = -f - 9. Let z be o(-9). Let b(c) = -c**3 + c**2 + c + 5. What is b(z)?
5
Let g(z) = z**3 + 6*z**2 - 8*z - 1. Let p be g(-7). Suppose -o + p*o - 30 = 0. Let x(q) = -q**2 + 5*q + 6. Determine x(o).
0
Let a(w) = -w**3 + 2*w**2 + 2*w + 3. Let l be a(3). Let i = 4 + l. Let q(z) = z**2 - 4*z + 6. Determine q(i).
6
Let w(s) be the third derivative of 7*s**6/120 - s**5/30 + s**4/12 - s**3/6 + 15*s**2. Let t = 0 - -1. Suppose -2 - t = -3*p. Give w(p).
6
Let a(w) = 3*w**2 + 4*w**3 - w + 7 - 5*w**3 - 2*w**2. Suppose -29*k = -34*k. Determine a(k).
7
Let a(l) be the first derivative of l**2/2 - 4*l - 2. Suppose 0 = -2*q + h - 5, -4*q - 4*h = -3*q + 16. What is a(q)?
-8
Let h(f) = f**2 + 5*f + 10. Let w(g) = -g - 1. Let n(q) = h(q) + 4*w(q). Determine n(0).
6
Let u(b) = -5 - b - 8 + 15. Give u(5).
-3
Let z(t) = 2*t + 1. Let m be z(1). Let b(g) = 3*g - m + 3 + 0*g. Suppose 0 = -4*a - 21 + 5. Determine b(a).
-12
Let n(x) be the third derivative of 5*x**4/24 - 2*x**2. Let k be (2/(-6))/(3/18). Determine n(k).
-10
Let w = 17 - 8. Let m be (-3)/(-9) + 24/w. Let f(q) = -3 + 3*q + 4 - 5*q. Give f(m).
-5
Let s(r) = r - 5. Suppose -11 + 3 = -2*m. Determine s(m).
-1
Let j(f) = 4*f**2 - 1. Let y be j(-1). Let c(k) = -2*k**2 + k + 4. Calculate c(y).
-11
Let n(u) = -u**2 + 6*u - 4. Suppose 8 = -4*v - 0*v. Let b(f) = 3*f**2 - 25*f + 17. Let t(x) = v*b(x) - 9*n(x). What is t(2)?
6
Let f(p) be the second derivative of 7*p**3/6 + p**2 + 9*p. Calculate f(2).
16
Let q(o) = -o**3 - 6*o**2 - 6*o - 1. Let c(s) = 3*s + 49. Let h be c(-18). Give q(h).
4
Let f(o) = -o**3 + 4*o**2 + 7*o 